). Suppose h = -3*h + 44. What is the greatest common factor of j and h?
11
Let n(h) be the second derivative of -h**5/20 + h**4/6 + h**3/6 + 6*h**2 + 8*h. Let d be n(0). What is the greatest common factor of d and 12?
12
Let f = 4 - 2. Suppose 3*t - 5*t = -t. Suppose 39 = 4*b + g - t*g, -5*g + 5 = b. Calculate the highest common divisor of b and f.
2
Let p(w) = 11*w**2 - 3*w - 2. Let r be p(-1). Let d = -76 + 172. What is the greatest common divisor of d and r?
12
Let r be ((-8)/(-2))/(13/((-273)/(-28))). Calculate the greatest common divisor of 57 and r.
3
Suppose 3*g + 0 = 42. Let o be (-5)/(-2) - 30/(-60). Suppose -10*r + o*r = -49. What is the greatest common divisor of r and g?
7
Let q(z) = 2*z**2 - 21*z - 57. Let a be q(15). Suppose 5*d = 237 - 42. What is the greatest common divisor of a and d?
39
Let r(b) be the third derivative of -5/6*b**3 - 1/3*b**4 + 0*b + 0 + 1/60*b**5 - b**2. Let y be r(-5). Calculate the highest common divisor of 12 and y.
12
Suppose 2*p + 3*s - 160 = 60, 0 = -4*s. What is the greatest common factor of p and 1210?
110
Suppose -6*r - 62 = -8*r. What is the greatest common factor of 31 and r?
31
Let f(t) = -t**3 + 8*t**2 + 7*t + 22. Let l be f(9). Calculate the greatest common factor of l and 68.
4
Let f be 1/(-3)*(-21 + -6). Let d be 57/(-133) - 507/(-7). What is the greatest common factor of d and f?
9
Let p be 2/((-14)/(-10) + -1). Let f be 75/50 - 6/(-4). Suppose -79 = -f*v + p. What is the highest common divisor of v and 140?
28
Let s be (-8972)/3 - 64/48. Let y = -1517 - s. Suppose -4*d + y = 67. Calculate the highest common divisor of 32 and d.
32
Let t(v) be the first derivative of v**2/2 + 4*v + 10. Let c be t(-2). Suppose c*y = -0*y + 528. What is the greatest common factor of y and 24?
24
Let p = -32 + 14. Let x be (-4)/p + 158/18. Suppose -4*u - 90 = -6*u. Calculate the greatest common divisor of u and x.
9
Let c be 0*(-3 + 28/8). Suppose c = k + 4, -3*w = 2*k - 5*k - 327. Suppose 5*t - r - w = r, -2*t - r = -33. What is the greatest common factor of 19 and t?
19
Let t(p) = 6*p**2 + 106*p + 16. Let o be t(-18). What is the greatest common divisor of 442 and o?
26
Let p be ((-4)/(-5))/(12/(-210)). Let y = p - -62. Suppose 0 = 4*i + 3*v - 42, -4*i + v + 23 + 27 = 0. What is the greatest common factor of i and y?
12
Let l be -3 - (1322/(-8) - (-2)/8). Suppose -4*j - 5*a = -0*j - 215, l = 3*j + 4*a. What is the highest common factor of j and 75?
25
Suppose 0*o = -0*o - o. Let i(f) = -3*f + 1. Let z be i(o). Calculate the highest common divisor of z and 9.
1
Suppose -2*k - 5*l + 1020 = 0, k + 2*l + 2521 = 6*k. Suppose 0 = -3*j + 5*b + k, 2*b - 310 = -2*j - 0*j. What is the greatest common divisor of j and 20?
20
Suppose -13*q + 8*q = -25. Suppose 4*w + 5*b = 126 + 31, q*w + 4*b = 194. Calculate the highest common factor of 304 and w.
38
Let m be 14/4 + 1/(-2). Suppose 2*d = 4*o - 58 + 6, 3*o = -d + 34. Calculate the highest common divisor of o and m.
3
Suppose 6*j + 7 = -23. Let b = j + 7. Suppose -158 = -4*o - 3*v, -v - 73 - 1 = -b*o. Calculate the greatest common factor of o and 95.
19
Let v(l) = 4*l**2 + 2*l - 6. Let z be v(5). Let x(t) = -25*t**2 + 83*t - 11. Let w be x(3). What is the highest common factor of z and w?
13
Let j = 225 + -65. Suppose -a + 2*o + 78 = 0, -5*a + 260 = -4*o - j. Let p(y) = 37*y - 285. Let v be p(8). Calculate the greatest common factor of a and v.
11
Let h be 10/3*(-3 - -21). Suppose 2*y + h = 294. Suppose 0 = 2*k - k - y. What is the highest common divisor of 13 and k?
13
Let q = 1109 - 983. Suppose 3*r = 4*a + 109, 4*a - 5*r + 135 = -a. Let n be (4 - 1)/((-6)/a). What is the greatest common factor of q and n?
14
Suppose 0 = 4*i - 4, 3*a + i + 85 = 4*a. Let j be ((-8)/10)/(2/110). Let d = j + a. Calculate the greatest common divisor of 6 and d.
6
Let d = -95 + 146. What is the highest common divisor of d and 119?
17
Let v = 194 + -191. What is the highest common factor of 39 and v?
3
Let x(w) = -3*w - 14. Let z be x(-6). Suppose -5*d - 45 = -8*o + z*o, -2*o + 39 = 3*d. Let f = 97 + 8. Calculate the highest common divisor of o and f.
15
Let g(d) = -d**2 + 9*d - 13. Let n be g(11). Let b = n - -115. Calculate the highest common divisor of b and 32.
16
Let l(c) = 25*c - 115. Let o be l(6). Suppose -4*j - 7 = k, 4*k - 6*j = -2*j + 32. What is the greatest common divisor of o and k?
5
Let u = -10 + 19. Suppose -3*n - 5*l - 89 = -31, -37 = 2*n + 5*l. Let o be 565/7 + (-6)/n. What is the highest common divisor of o and u?
9
Suppose -5*z = 328 - 28. Let g = 108 + z. What is the highest common factor of g and 16?
16
Let j be 2/7 - (-838)/7. Let c(q) = q**2 - 12*q - 5. Let r be c(14). Suppose 5*x - 52 - r = 0. What is the highest common divisor of j and x?
15
Let z = -3 - 17. Let f be (-36)/(-10)*z/(-3). What is the highest common divisor of f and 12?
12
Let y = 83 - 32. Suppose -24 = -5*a + y. Let x(g) = -5*g. Let l be x(-9). What is the highest common factor of l and a?
15
Let r = -186 + 224. What is the greatest common factor of r and 247?
19
Let s be -5 + (5 - (-42)/(-9))*36. Let v(l) = l**2 - 5*l + 4. Let a be v(4). Suppose -5*r + a = -35. What is the greatest common factor of r and s?
7
Let m = 417 - 410. Calculate the highest common divisor of m and 287.
7
Let p(f) = 10*f - 126. Let x be p(17). What is the highest common divisor of 154 and x?
22
Suppose -4*v + 403 = -2*a - 3*a, -4*a = 3*v - 341. Suppose o = -3*f + v, -3*o - 107 = -5*f + 48. What is the highest common factor of 272 and f?
34
Suppose 274 = -8*t + 346. Calculate the highest common divisor of 111 and t.
3
Let t = -45 + 35. Let q = 18 + t. Calculate the greatest common divisor of q and 16.
8
Suppose 2*u = -11*u + 351. Let a(o) = -o**2 - 10*o - 3. Let x be 7/(-4)*(-16)/(-4). Let d be a(x). What is the greatest common divisor of u and d?
9
Suppose 4*k + k + 3*v = 239, -3*v + 92 = 2*k. Calculate the greatest common factor of 56 and k.
7
Let b be 71*(-1 + 2) - -1. Calculate the greatest common divisor of b and 48.
24
Suppose 4*o + 0*b - 26 = b, -4 = 2*b. Let h be (-9)/o*2 + 25. What is the highest common divisor of h and 154?
22
Let w = -62 + 60. Let o be (2/(-4))/(w/324). Let h(g) = g**2 - g + 9. Let p be h(0). Calculate the greatest common divisor of o and p.
9
Let d = -4 - -6. Suppose 5*k + 40 = 5*m, -2 - d = -4*k - 5*m. Let g = k - -5. Calculate the highest common divisor of 4 and g.
1
Suppose 2*f + 3*l - 14 = 0, -f = -3*f - 4*l + 16. Let x(s) = -11*s - 4. Let n be x(-4). Suppose -n = -f*h - h. Calculate the greatest common factor of h and 32.
8
Let x(y) = 2*y**2 - y. Let s be x(-2). Let u = 22 - 20. Suppose g + 18 = 3*w, -u*g + 19 = 3*w + 2*w. Calculate the greatest common factor of w and s.
5
Suppose 4*o = -2*d, 0 = -0*d + 3*d + 3*o - 3. Let n be 12/(-18)*(-255)/2. Suppose -21 + n = 4*p. Calculate the highest common factor of p and d.
2
Let g(r) = -4*r - 69. Let c be g(-24). What is the greatest common divisor of c and 117?
9
Suppose -d - 2*d = 15, d = -2*n + 31. Suppose -4*f + 200 = 8*l - 3*l, -3*f + 3*l + 123 = 0. Calculate the highest common divisor of f and n.
9
Let j = -52 + 56. Suppose -3*t = -26 - j. Calculate the greatest common divisor of t and 90.
10
Suppose -3*j + 3*y = -2085, -4*j + 5*y + 2095 = -j. What is the highest common divisor of 30 and j?
30
Suppose 3*q + 1317 = 3*y - 1401, -5*q + 4570 = 5*y. What is the greatest common factor of y and 70?
70
Suppose -15*n + 3120 = -2*n. Suppose -96*w = -101*w + n. Calculate the greatest common factor of w and 36.
12
Let y be 0*(-1)/4*2. Suppose 3*o - 15 = -y. Suppose 0 = -3*l - 5*i + 18, 0 = l + l + 3*i - 11. Calculate the highest common factor of o and l.
1
Let j be (2 + (-9)/36)/((-1)/(-32)). What is the highest common divisor of j and 168?
56
Let z(o) = 6*o - 68. Let x be z(12). Calculate the highest common factor of x and 16.
4
Let s = 5 + -2. Suppose -k + s*k = 40. What is the highest common divisor of 5 and k?
5
Let d be ((-29)/(-3))/(2/(-6)). Let x = -20 - d. Let t be (-6)/x + 83/3. Calculate the greatest common divisor of 81 and t.
27
Let z be (1 + -1)/(-2 + 0). Suppose z = -4*u + 32. Let h(a) = -5*a + 17. Let p be h(-11). What is the highest common divisor of p and u?
8
Let k = 681 + -674. Calculate the greatest common divisor of 7 and k.
7
Let 